-12)/(-24)*(6/(-2) + 29). Suppose 64 + p = 7*g. What is the remainder when 28 is divided by g?
6
Let g be ((-4)/3)/(1/(-171)). Let a(w) = 18*w**3 - 31*w + 67. Let h be a(2). Let l = g - h. Calculate the remainder when l is divided by 27.
25
Suppose u - 9 = -4*h, -h - 3 = 1. Let v = -23 + u. Suppose v*j - 208 = -5*w, -5*j = -2*w - 2*w - 454. What is the remainder when j is divided by 25?
19
Suppose 2*o = -3*s + 37, o + 0*s - 13 = 4*s. Suppose 3*t + 2 = 4*a, 22*a - 25 = -5*t + 23*a. What is the remainder when o is divided by t?
5
Suppose 0 = 80*d + 12513 - 55440 - 10673. Calculate the remainder when d is divided by 179.
133
Suppose 2 = -3*f + 11, -5*o = -5*f + 1215. Let k = o + 282. Calculate the remainder when k is divided by 4.
2
Suppose 1145*h = 1136*h + 18522. What is the remainder when h is divided by 71?
70
Let i = -50 + 74. Calculate the remainder when (-9)/(-18) + (-166)/(-4) + 0 is divided by i.
18
Let i = -101 + 105. Suppose -3*h - 3*y = -99, 3*h - 5*y + 3*y = 99. What is the remainder when h is divided by (-5)/((i/(-6))/(2/3))?
3
Let a be 3/15 + 917/(-35). Let p(n) = -n**2 - 33*n - 109. What is the remainder when 212 is divided by p(a)?
66
Let v(i) = 2*i**3 - i**2 - 2*i + 247. Let o be 2094/36 + 2/(-12). Suppose 3*t = 1 - 7, o = b - 4*t. Calculate the remainder when v(0) is divided by b.
47
Suppose -762 = -4*v - 2*s, 3*v - 2301*s + 2306*s - 547 = 0. What is the remainder when 2919 is divided by v?
9
Let b(k) = -4*k - 7. Let n = 174 + -180. What is the remainder when 64 is divided by b(n)?
13
Let w = -9744 + 10031. What is the remainder when w is divided by 34?
15
Let z = 18 - 34. Suppose 8 = -o + 32. Let a = o + z. What is the remainder when 31 is divided by a?
7
Let x = 234 + -130. Suppose -x - 7 = -3*s. Suppose 4*m = 3*v - s, -3*m = -2*v + 2*m + 34. What is the remainder when 18 is divided by v?
4
Suppose -2*w + 5357 = -5*w + 14*w. What is the remainder when w is divided by 139?
70
Let i(r) = 2*r**2 - 10*r + 29. Let d be i(5). Suppose -p + 6*p - d = -h, -10 = -2*p - 2*h. Calculate the remainder when 2/p*(36 + -27) is divided by 1.
0
Let d(b) = 3 + 5*b - 5 + 4 + 5*b - b**2. Suppose 0 = 38*u - 34*u - 32. What is the remainder when 53 is divided by d(u)?
17
Suppose b - 4*c = 4*b - 67, -4*b - 4*c + 92 = 0. Calculate the remainder when b is divided by (-7 + 41)*1/2.
8
Suppose -166 - 212 = 42*n. Let p(z) = z**3 + 8*z**2 - 10*z + 19. Calculate the remainder when 94 is divided by p(n).
10
Let z(n) = -5*n - 171. Let y be (13 + 0)*(-7 + 8/2). Calculate the remainder when z(y) is divided by 2.
0
Suppose -3*w - 49 = -55. What is the remainder when 83 is divided by ((-11)/(55/(-210)))/(-1 + w)?
41
Suppose -4*y - 2*f + 166 = 0, 134*y - 129*y = 5*f + 260. What is the remainder when 898 is divided by y?
43
Suppose -12398 = -5*b + 2*q, -16*b + 22320 = -7*b - 3*q. What is the remainder when b is divided by 138?
136
Let a be ((-3)/9)/(4/(-36)). Let h be 35*(-2 + 9/a). Suppose h - 12 = u. What is the remainder when u is divided by 16?
7
Let a(i) = -19*i - 212. Let s(t) = -39*t - 425. Let o(y) = -5*a(y) + 2*s(y). Calculate the remainder when (-3)/(2 + (-82)/40) is divided by o(-11).
14
Let p(q) = -3*q**2 - 7*q**3 + 4 + 3*q**3 - q + 9*q + 3*q**3. Calculate the remainder when (2 - -3)*(-2 + 4 + 5) is divided by p(-5).
7
Suppose -10*r + 8 = -9*r. Suppose -5*k + 4*l = -414, -3*l - 31 + 43 = 0. What is the remainder when k is divided by r?
6
Let k(r) = r + 33. Suppose 30*s = 25*s - 55. What is the remainder when 61 is divided by k(s)?
17
Let l be (-2 + (-18)/(-4))*4/2. Suppose 2*z = -3*o - 47, 2*o + 40 = -o + l*z. What is the remainder when (-198)/o*(-10)/(-4) is divided by 6?
3
Let k(g) = -22*g + 1. Let j(y) = -y**3 + 30*y**2 + 135*y + 173. What is the remainder when j(34) is divided by k(-2)?
4
Calculate the remainder when 3694 + 14*20/35 is divided by 57.
54
Let o = 7296 - 6812. Calculate the remainder when o is divided by 133.
85
Let m(s) = 525*s - 528. What is the remainder when m(6) is divided by 43?
42
Let t = 733 + -374. Calculate the remainder when 360 is divided by t.
1
What is the remainder when 186 is divided by (-12 - (-25)/2)/((-4)/(-24))?
0
Suppose -3*n + 44 = 5*v + 276, 4*n = 3*v + 145. Suppose 0 = -5*o - 16 + 106. What is the remainder when (v/2)/(9/(-18)) is divided by o?
11
Let b be (-12)/(1 + 0 - -1). What is the remainder when 67 is divided by (-4 - 1)*6*2/b?
7
Suppose 5*n = -17 + 37, n + 46 = o. Calculate the remainder when 899 is divided by o.
49
Suppose -2*z - 13*n + 14*n = -2705, -2*z + 5*n = -2693. Calculate the remainder when 4062 is divided by z.
0
Let s = -13231 + 15772. Calculate the remainder when s is divided by 254.
1
Let p(h) = h**2 - 14*h + 3. Let g be p(14). Let x(y) = -y**3 + 11*y - 4. Calculate the remainder when 14 is divided by x(g).
0
Let q = 269 - 265. Suppose 0 = -4*i - 4, -2*l - i = -q*i - 35. Calculate the remainder when l is divided by 11.
5
Suppose -144*n + 3088 = -2960. Calculate the remainder when 1316 is divided by n.
14
Let j be (-97)/(-6) + -1 + (-10)/60. Let w(z) = -2*z**2 + 32*z - 28. Calculate the remainder when 75 is divided by w(j).
1
Suppose 12*d + 10*d - 6787 = 11*d. Calculate the remainder when d is divided by 320.
297
Suppose 4*j + 16 = 0, -3*j = 5*x - 0*j - 293. Suppose 409 + 119 = z. Suppose -15*y + z = 18*y. Calculate the remainder when x is divided by y.
13
Let q be (-1 - 3)/(2*(-3)/6). Suppose q*m - 2*m + 3*l = 36, -5*l = m - 18. What is the remainder when 62 is divided by m?
8
Suppose 0 = 5*t - 4*w - 14273 - 9388, -2*t = 4*w - 9442. Calculate the remainder when t is divided by 28.
25
Let c = -2076 - -2082. Let p(i) = -i**2 - 6*i + 3. Let g be p(-6). Suppose 12 = r - g. Calculate the remainder when r is divided by c.
3
Let s(d) = -d**3 + 30*d**2 - d + 2. Let x be s(30). Let v = 61 - x. Calculate the remainder when v is divided by 46.
43
Let c(p) = p**3 - 85*p**2 + 1483*p - 26. Calculate the remainder when c(23) is divided by 28.
25
Suppose z = -q + 110, 0 = 52*q - 47*q - 5. What is the remainder when z is divided by 53?
3
Let n(a) = 10*a - 5 + 0 + 10 + 4. Let z be n(6). Let g = z - 45. Calculate the remainder when g is divided by 13.
11
Let n(v) = v + 2. Suppose 2 = -3*y - 5*q, 6*q - q - 10 = 0. Let b be n(y). Calculate the remainder when ((-76)/(-5))/(b/(-5)) is divided by 10.
8
Let y(x) = 6*x**2 + 328*x - 327. What is the remainder when 171 is divided by y(1)?
3
Let k(m) = -3*m**2 + 6*m - 8. Let l be k(2). Let r be ((2496/(-30))/l)/(2/130). Suppose -6*t - 7*t + r = 0. What is the remainder when 153 is divided by t?
49
Let r(p) = -p**3 - p**2 + 5*p + 2. Let y = -13 - -10. Let t be r(y). Suppose -t*u = -461 - 19. What is the remainder when u is divided by 14?
12
Suppose -375 = l - 379. Calculate the remainder when 2/1 + (15 - -21) is divided by l.
2
Suppose 5*w = -4*s + 180, 51*s - 48*s - w = 154. Calculate the remainder when 136 is divided by s.
36
Suppose -q = -3*q - 14. Let m be (q/2)/((-8)/(-16)). Let p = m + 20. What is the remainder when p is divided by 4?
1
Let z = -64 + 434. Suppose 0 = -8*y + 18*y - z. Calculate the remainder when y is divided by 10.
7
Let k be (-8)/(-12)*(-3)/(-1). What is the remainder when 26 is divided by k/6 + (-78)/(-9)?
8
Let f be -1 + -8 + 96 + 2/(-1). Suppose 5*z + 15 - f = 0. Calculate the remainder when 22 is divided by z.
8
Let n(a) = -9*a + 276. What is the remainder when 1439 is divided by n(24)?
59
Let l = 8323 + -8157. What is the remainder when 4480 is divided by l?
164
Let a(l) = 207*l + 4355. Suppose 8 - 2 = h. What is the remainder when a(-21) is divided by h?
2
Let g(a) = 2*a + 23. Let k be g(-10). Suppose 4*n + 4*i = 216, -2*i = -n - 7 + 49. What is the remainder when n is divided by ((-3)/(-1))/(k/18)?
14
Let h be (-22)/297*3 - 701708/18. Calculate the remainder when 4/5 - h/220 is divided by 26.
22
Suppose 0 = 5*g - 2306 + 606. What is the remainder when g is divided by -3*-33*11/99?
10
Calculate the remainder when 272 is divided by (-166)/(-4)*2 - 6.
41
Suppose 0 = l + 53*h - 58*h - 210, 3*l + 3*h = 468. What is the remainder when 2949 is divided by l?
144
Suppose -1720 = 11*l - 290. Calculate the remainder when 77 is divided by 3/((-15)/l) + 4.
17
What is the remainder when 1358 is divided by 7 + -5*(1 - 4)?
16
Let n(t) = 118*t - 2895. W